{"id":550,"date":"2012-11-12T01:34:36","date_gmt":"2012-11-12T08:34:36","guid":{"rendered":"http:\/\/fronda.mx\/blog\/?page_id=550"},"modified":"2016-11-28T16:47:16","modified_gmt":"2016-11-28T22:47:16","slug":"carlos-cruz","status":"publish","type":"page","link":"https:\/\/www.fronda.mx\/simbiosis2012\/artistas\/carlos-cruz\/","title":{"rendered":"Carlos Cruz"},"content":{"rendered":"<div class=\"soliloquy-outer-container\" data-soliloquy-loaded=\"0\"><div aria-live=\"polite\" id=\"soliloquy-container-1382\" class=\"soliloquy-container soliloquy-transition-fade soliloquy-fade soliloquy-controls-active soliloquy-arrows-active  soliloquy-theme-base\" style=\"max-width:600px;max-height:600px;margin:0 auto 0px;\"><ul id=\"soliloquy-1382\" class=\"soliloquy-slider soliloquy-slides soliloquy-wrap soliloquy-clear\"><li aria-hidden=\"true\" class=\"soliloquy-item soliloquy-item-1 soliloquy-id-660 soliloquy-image-slide\" draggable=\"false\" style=\"list-style:none;\"><img decoding=\"async\" id=\"soliloquy-image-660\" class=\"soliloquy-image soliloquy-image-1\" src=\"https:\/\/www.fronda.mx\/simbiosis2012\/wp-content\/uploads\/sites\/4\/2012\/11\/MG_6029-600x400.jpg\" alt=\"_MG_6029\" \/><\/li><li aria-hidden=\"true\" class=\"soliloquy-item soliloquy-item-2 soliloquy-id-661 soliloquy-image-slide\" draggable=\"false\" style=\"list-style:none;\"><img decoding=\"async\" id=\"soliloquy-image-661\" class=\"soliloquy-image soliloquy-image-2 soliloquy-preload\" src=\"https:\/\/www.fronda.mx\/simbiosis2012\/wp-content\/plugins\/soliloquy\/assets\/css\/images\/holder.gif\" data-soliloquy-src=\"https:\/\/www.fronda.mx\/simbiosis2012\/wp-content\/uploads\/sites\/4\/2012\/11\/MG_6817-400x600.jpg\" alt=\"_MG_6817\" \/><\/li><li aria-hidden=\"true\" class=\"soliloquy-item soliloquy-item-3 soliloquy-id-662 soliloquy-image-slide\" draggable=\"false\" style=\"list-style:none;\"><img decoding=\"async\" id=\"soliloquy-image-662\" class=\"soliloquy-image soliloquy-image-3 soliloquy-preload\" src=\"https:\/\/www.fronda.mx\/simbiosis2012\/wp-content\/plugins\/soliloquy\/assets\/css\/images\/holder.gif\" data-soliloquy-src=\"https:\/\/www.fronda.mx\/simbiosis2012\/wp-content\/uploads\/sites\/4\/2012\/11\/DSC08784-400x600.jpg\" alt=\"DSC08784\" \/><\/li><li aria-hidden=\"true\" class=\"soliloquy-item soliloquy-item-4 soliloquy-id-663 soliloquy-image-slide\" draggable=\"false\" style=\"list-style:none;\"><img decoding=\"async\" id=\"soliloquy-image-663\" class=\"soliloquy-image soliloquy-image-4 soliloquy-preload\" src=\"https:\/\/www.fronda.mx\/simbiosis2012\/wp-content\/plugins\/soliloquy\/assets\/css\/images\/holder.gif\" data-soliloquy-src=\"https:\/\/www.fronda.mx\/simbiosis2012\/wp-content\/uploads\/sites\/4\/2012\/11\/Imagen16-600x450.jpg\" alt=\"Imagen16\" \/><\/li><li aria-hidden=\"true\" class=\"soliloquy-item soliloquy-item-5 soliloquy-id-664 soliloquy-image-slide\" draggable=\"false\" style=\"list-style:none;\"><img decoding=\"async\" id=\"soliloquy-image-664\" class=\"soliloquy-image soliloquy-image-5 soliloquy-preload\" src=\"https:\/\/www.fronda.mx\/simbiosis2012\/wp-content\/plugins\/soliloquy\/assets\/css\/images\/holder.gif\" data-soliloquy-src=\"https:\/\/www.fronda.mx\/simbiosis2012\/wp-content\/uploads\/sites\/4\/2012\/11\/MG_6030-600x400.jpg\" alt=\"_MG_6030\" \/><\/li><li aria-hidden=\"true\" class=\"soliloquy-item soliloquy-item-6 soliloquy-id-665 soliloquy-image-slide\" draggable=\"false\" style=\"list-style:none;\"><img decoding=\"async\" id=\"soliloquy-image-665\" class=\"soliloquy-image soliloquy-image-6 soliloquy-preload\" src=\"https:\/\/www.fronda.mx\/simbiosis2012\/wp-content\/plugins\/soliloquy\/assets\/css\/images\/holder.gif\" data-soliloquy-src=\"https:\/\/www.fronda.mx\/simbiosis2012\/wp-content\/uploads\/sites\/4\/2012\/11\/BUTOH3-450x600.jpg\" alt=\"BUTOH3\" \/><\/li><li aria-hidden=\"true\" class=\"soliloquy-item soliloquy-item-7 soliloquy-id-666 soliloquy-image-slide\" draggable=\"false\" style=\"list-style:none;\"><img decoding=\"async\" id=\"soliloquy-image-666\" class=\"soliloquy-image soliloquy-image-7 soliloquy-preload\" src=\"https:\/\/www.fronda.mx\/simbiosis2012\/wp-content\/plugins\/soliloquy\/assets\/css\/images\/holder.gif\" data-soliloquy-src=\"https:\/\/www.fronda.mx\/simbiosis2012\/wp-content\/uploads\/sites\/4\/2012\/11\/frac6-400x600.jpg\" alt=\"frac6\" \/><\/li><li aria-hidden=\"true\" class=\"soliloquy-item soliloquy-item-8 soliloquy-id-1383 soliloquy-image-slide\" draggable=\"false\" style=\"list-style:none;\"><img decoding=\"async\" id=\"soliloquy-image-1383\" class=\"soliloquy-image soliloquy-image-8 soliloquy-preload\" src=\"https:\/\/www.fronda.mx\/simbiosis2012\/wp-content\/plugins\/soliloquy\/assets\/css\/images\/holder.gif\" data-soliloquy-src=\"https:\/\/www.fronda.mx\/simbiosis2012\/wp-content\/uploads\/sites\/4\/2016\/11\/ccruz03-600x400.jpg\" alt=\"ccruz03\" \/><\/li><li aria-hidden=\"true\" class=\"soliloquy-item soliloquy-item-9 soliloquy-id-1384 soliloquy-image-slide\" draggable=\"false\" style=\"list-style:none;\"><img decoding=\"async\" id=\"soliloquy-image-1384\" class=\"soliloquy-image soliloquy-image-9 soliloquy-preload\" src=\"https:\/\/www.fronda.mx\/simbiosis2012\/wp-content\/plugins\/soliloquy\/assets\/css\/images\/holder.gif\" data-soliloquy-src=\"https:\/\/www.fronda.mx\/simbiosis2012\/wp-content\/uploads\/sites\/4\/2016\/11\/ccruz04.jpg\" alt=\"ccruz04\" \/><\/li><\/ul><\/div><noscript><style type=\"text\/css\" scoped>#soliloquy-container-1382{opacity:1}#soliloquy-container-1382 li > .soliloquy-caption{display:none}#soliloquy-container-1382 li:first-child > .soliloquy-caption{display:block}<\/style><div class=\"soliloquy-no-js\" style=\"display:none;visibility:hidden;height:0;line-height:0;opacity:0;\"><img decoding=\"async\" class=\"soliloquy-image soliloquy-no-js-image\" src=\"https:\/\/www.fronda.mx\/simbiosis2012\/wp-content\/uploads\/sites\/4\/2012\/11\/MG_6029-600x400.jpg\" alt=\"_MG_6029\" \/><img decoding=\"async\" class=\"soliloquy-image soliloquy-no-js-image\" src=\"https:\/\/www.fronda.mx\/simbiosis2012\/wp-content\/uploads\/sites\/4\/2012\/11\/MG_6817-400x600.jpg\" alt=\"_MG_6817\" \/><img decoding=\"async\" class=\"soliloquy-image soliloquy-no-js-image\" src=\"https:\/\/www.fronda.mx\/simbiosis2012\/wp-content\/uploads\/sites\/4\/2012\/11\/DSC08784-400x600.jpg\" alt=\"DSC08784\" \/><img decoding=\"async\" class=\"soliloquy-image soliloquy-no-js-image\" src=\"https:\/\/www.fronda.mx\/simbiosis2012\/wp-content\/uploads\/sites\/4\/2012\/11\/Imagen16-600x450.jpg\" alt=\"Imagen16\" \/><img decoding=\"async\" class=\"soliloquy-image soliloquy-no-js-image\" src=\"https:\/\/www.fronda.mx\/simbiosis2012\/wp-content\/uploads\/sites\/4\/2012\/11\/MG_6030-600x400.jpg\" alt=\"_MG_6030\" \/><img decoding=\"async\" class=\"soliloquy-image soliloquy-no-js-image\" src=\"https:\/\/www.fronda.mx\/simbiosis2012\/wp-content\/uploads\/sites\/4\/2012\/11\/BUTOH3-450x600.jpg\" alt=\"BUTOH3\" \/><img decoding=\"async\" class=\"soliloquy-image soliloquy-no-js-image\" src=\"https:\/\/www.fronda.mx\/simbiosis2012\/wp-content\/uploads\/sites\/4\/2012\/11\/frac6-400x600.jpg\" alt=\"frac6\" \/><img decoding=\"async\" class=\"soliloquy-image soliloquy-no-js-image\" src=\"https:\/\/www.fronda.mx\/simbiosis2012\/wp-content\/uploads\/sites\/4\/2016\/11\/ccruz03-600x400.jpg\" alt=\"ccruz03\" \/><img decoding=\"async\" class=\"soliloquy-image soliloquy-no-js-image\" src=\"https:\/\/www.fronda.mx\/simbiosis2012\/wp-content\/uploads\/sites\/4\/2016\/11\/ccruz04.jpg\" alt=\"ccruz04\" \/><\/div><\/noscript><\/div>\n<p>&nbsp;<\/p>\n<p>Egresado de la Licenciatura en Arte Dram\u00e1tico de la Universidad Aut\u00f3noma del Estado de Hidalgo, UAEH. Director, actor, danzante, e investigador de grupos culturales.<br \/>\nHa recibido formaci\u00f3n en Alemania con los maestros japoneses de danza Butoh y danza Contempor\u00e1nea Tadashi Endo, Atsushi Takenouchi, Kinya Zulu Tsuruyama, Yuko Kaseki, Yumiko Yoshioka, Yui Kawuguchi, Miki Sato, Yoshiko Waki Xakab\u00e9, Kasue Ikeda. En M\u00e9xico con los maestros japoneses, europeos y mexicanos de danza butoh y contempor\u00e1nea: Katsura Kan, Makiko Tominaga, Natsu Nakajima, Tadashi Endo y Mitsuru Sasaki; Diego Pi\u00f1on y Eugenia Vargas; Peter Shumann, Manah Depauw, Philippe Priasso, entre otros.<\/p>\n<p>Ha sido reconocido en programas art\u00edsticos internacionales como -The Rolex mentor and protege Arts Incitiative (Suiza). Semifinalista en el premio otorgado por la International Youth Fundation Laureate Education INC y la Universidad del Valle de M\u00e9xico a los j\u00f3venes impulsores del desarrollo social 2009. Recibi\u00f3 menci\u00f3n honor\u00edfica con la pieza esc\u00e9nica \u00c1rbol de ma\u00edz, en el S\u00e9ptimo Encuentro Internacional de Performance, Performagia 2009, convocado por la Universidad Nacional Aut\u00f3noma de M\u00e9xico a trav\u00e9s del Museo Universitario del Chopo. En 2008 fue becado por el Fondo Estatal para la Cultura y las Artes de Hidalgo (FOECAH), con el proyecto Teatro Cuerpo Social donde trabaja en colaboraci\u00f3n con la Comisi\u00f3n para el Desarrollo de los pueblos Ind\u00edgenas con ni\u00f1os y j\u00f3venes de las tres zonas ind\u00edgenas del Estado (Otomi, Nahua y Tepehua).<\/p>\n<p>Desde entonces Teatro Cuerpo Social es una compa\u00f1\u00eda desde donde impulsa el cuerpo teatral. Intenta compartir a otros el lenguaje escenico del cuerpo. Sensibilizando al p\u00fablico con la impartici\u00f3n de talleres y presentaciones, usando t\u00e9cnicas de danza Butoh y Ritual.<\/p>\n<p>Para Carlos I. Cruz el teatro es creaci\u00f3n colectiva.<\/p>\n<p>Radica en Real del Monte y Pachuca, Hidalgo. M\u00e9xico.<\/p>\n","protected":false},"excerpt":{"rendered":"<p>&nbsp; Egresado de la Licenciatura en Arte Dram\u00e1tico de la Universidad Aut\u00f3noma del Estado de Hidalgo, UAEH. Director, actor, danzante, e investigador de grupos culturales. Ha recibido formaci\u00f3n en Alemania con los maestros japoneses de danza Butoh y danza Contempor\u00e1nea &hellip; <a href=\"https:\/\/www.fronda.mx\/simbiosis2012\/artistas\/carlos-cruz\/\">Sigue leyendo <span class=\"meta-nav\">&rarr;<\/span><\/a><\/p>\n","protected":false},"author":2,"featured_media":0,"parent":438,"menu_order":3,"comment_status":"closed","ping_status":"closed","template":"","meta":{"footnotes":""},"class_list":["post-550","page","type-page","status-publish","hentry"],"jetpack_sharing_enabled":true,"_links":{"self":[{"href":"https:\/\/www.fronda.mx\/simbiosis2012\/wp-json\/wp\/v2\/pages\/550","targetHints":{"allow":["GET"]}}],"collection":[{"href":"https:\/\/www.fronda.mx\/simbiosis2012\/wp-json\/wp\/v2\/pages"}],"about":[{"href":"https:\/\/www.fronda.mx\/simbiosis2012\/wp-json\/wp\/v2\/types\/page"}],"author":[{"embeddable":true,"href":"https:\/\/www.fronda.mx\/simbiosis2012\/wp-json\/wp\/v2\/users\/2"}],"replies":[{"embeddable":true,"href":"https:\/\/www.fronda.mx\/simbiosis2012\/wp-json\/wp\/v2\/comments?post=550"}],"version-history":[{"count":1,"href":"https:\/\/www.fronda.mx\/simbiosis2012\/wp-json\/wp\/v2\/pages\/550\/revisions"}],"predecessor-version":[{"id":1385,"href":"https:\/\/www.fronda.mx\/simbiosis2012\/wp-json\/wp\/v2\/pages\/550\/revisions\/1385"}],"up":[{"embeddable":true,"href":"https:\/\/www.fronda.mx\/simbiosis2012\/wp-json\/wp\/v2\/pages\/438"}],"wp:attachment":[{"href":"https:\/\/www.fronda.mx\/simbiosis2012\/wp-json\/wp\/v2\/media?parent=550"}],"curies":[{"name":"wp","href":"https:\/\/api.w.org\/{rel}","templated":true}]}}