{"id":345,"date":"2011-02-15T12:56:11","date_gmt":"2011-02-15T18:56:11","guid":{"rendered":"http:\/\/fronda.mx\/blog\/?page_id=345"},"modified":"2016-11-27T22:13:00","modified_gmt":"2016-11-28T04:13:00","slug":"prensa","status":"publish","type":"page","link":"https:\/\/www.fronda.mx\/simbiosis2012\/prensa\/","title":{"rendered":"Prensa"},"content":{"rendered":"<p><strong>2011<\/strong><\/p>\n<p>30 marzo <a href=\"http:\/\/impreso.milenio.com\/node\/8935288\" target=\"_blank\">Publican memorias de Simbiosis-Symbiosis<\/a><br \/>\n29 marzo <a href=\"http:\/\/www.milenio.com\/node\/682071\" target=\"_blank\">Presentan el libro Simbiosis-Symbiosis<br \/>\n<\/a><br \/>\n29 marzo <a href=\"http:\/\/www.oem.com.mx\/elsoldehidalgo\/notas\/n2019689.htm\" target=\"_blank\">Concluye residencia de artistas visuales<\/a><br \/>\n28 marzo <a href=\"http:\/\/plazajuarez.com\/index.php?option=com_content&amp;view=article&amp;id=25194:paraiso-ilusorio&amp;catid=32:cultura&amp;Itemid=47\" target=\"_blank\">Para\u00edso Ilusorio<br \/>\n<\/a><br \/>\n12 febrero <a href=\"http:\/\/www.oem.com.mx\/elsoldehidalgo\/notas\/n1962244.htm\" target=\"_blank\">Libro-objeto, curso de FRONDA, SiMBiOSiS SyMBiOSiS 2011<\/a><\/p>\n<p>1 febrero <a href=\"http:\/\/www.oem.com.mx\/elsoldehidalgo\/notas\/n1947860.htm\" target=\"_blank\">Arte provocador<\/a><\/p>\n<p>30 enero <a href=\"http:\/\/impreso.milenio.com\/node\/8903448\" target=\"_blank\"> Arte y naturaleza: zona de tensi\u00f3n <\/a><\/p>\n<p>29 enero <a href=\"http:\/\/www.elindependientedehidalgo.com.mx\/index.php\/cultura\/51-cultura\/29370-20110129-n1-p20\" target=\"_blank\"> El arte transforma al ser humano: Cesar Dami\u00e1n<\/a><\/p>\n<p>27 enero <a href=\"http:\/\/www.periodicosintesis.com.mx\/noticias\/80189\/Proyecto-de-dos-naciones\" target=\"_blank\"> Proyecto de dos naciones <\/a><\/p>\n<p>22 enero <a href=\"http:\/\/www.oem.com.mx\/elsoldehidalgo\/notas\/n1934415.htm\" target=\"_blank\"> Experiencia visual y sonora <\/a><\/p>\n<p>22 enero <a href=\"http:\/\/www.elindependientedehidalgo.com.mx\/index.php\/cultura\/51-cultura\/28799-20110122-p20-n1\">Curso proceso creativo en din\u00e1micas de grupo<\/a><\/p>\n<p><strong>2010<\/strong><\/p>\n<p><span class=\"embed-youtube\" style=\"text-align:center; display: block;\"><iframe loading=\"lazy\" class=\"youtube-player\" width=\"584\" height=\"329\" src=\"https:\/\/www.youtube.com\/embed\/6J6zXRayHc4?version=3&#038;rel=1&#038;showsearch=0&#038;showinfo=1&#038;iv_load_policy=1&#038;fs=1&#038;hl=es-MX&#038;autohide=2&#038;wmode=transparent\" allowfullscreen=\"true\" style=\"border:0;\" sandbox=\"allow-scripts allow-same-origin allow-popups allow-presentation allow-popups-to-escape-sandbox\"><\/iframe><\/span><\/p>\n<p>12 junio<a href=\"http:\/\/www.oem.com.mx\/elsoldehidalgo\/notas\/n1668989.htm\" target=\"_blank\"> Concluye Simbiosis-Symbiosis<\/a><\/p>\n<p>12 junio<a href=\"http:\/\/elindependientedehidalgo.com.mx\/index.php?option=com_content&amp;view=article&amp;id=12093:20100612-p19-n3&amp;catid=51:cultura&amp;Itemid=93\" target=\"_blank\"> Artistas de Simbiosis-Symbiosis demostraron que el Arte y la Ecolog\u00eda son interdisciplinarios<\/a><\/p>\n<p>12 junio<a href=\"http:\/\/criteriohidalgo.com\/notas.asp?id=15864\" target=\"_blank\"> Concluye proyecto cultural org\u00e1nico en Hidalgo<\/a><\/p>\n<p>8 junio<a href=\"http:\/\/www.elindependientedehidalgo.com.mx\/index.php?option=com_content&amp;view=article&amp;id=11603:20100608-p19-n2&amp;catid=51:cultura&amp;Itemid=93\" target=\"_blank\"> Arte y Ecolog\u00eda se conjugar\u00e1n en el Teatro Romo de Vivar<\/a><\/p>\n<p>8 junio<a href=\"http:\/\/www.criteriohidalgo.com\/notas.asp?id=15552\" target=\"_blank\"> Sustentabilidad y arte, un di\u00e1logo por la vida entre un escultor y una arquitecta<\/a><\/p>\n<p>5 junio<a href=\"http:\/\/elindependientedehidalgo.com.mx\/index.php?option=com_content&amp;view=article&amp;id=11296:20100605-p19-n1&amp;catid=51:cultura&amp;Itemid=93\" target=\"_blank\"> Inicia Simbiosis-Symbiosis taller infantil en Huasca<\/a><\/p>\n<p>3 junio<a href=\"http:\/\/impreso.milenio.com\/node\/8778190\" target=\"_blank\"> Dictan las bases para la creaci\u00f3n de sonidos<\/a><\/p>\n<p>2 junio<a href=\"http:\/\/www.oem.com.mx\/elsoldehidalgo\/notas\/n1656725.htm\" target=\"_blank\"> Convocan a taller de Marna Bunnell<\/a><\/p>\n<p>26 mayo<a href=\"http:\/\/impreso.milenio.com\/node\/8773460\" target=\"_blank\"> Artistas canadienses platican sus primeras simbiosis<\/a><\/p>\n<p>22 mayo<a href=\"http:\/\/elindependientedehidalgo.com.mx\/index.php?option=com_content&amp;view=article&amp;id=9635:20100522-p19-n1&amp;catid=51:cultura&amp;Itemid=93\" target=\"_blank\"> Artistas pl\u00e1sticos de M\u00e9xico y Canad\u00e1 compartir\u00e1n experiencias con hidalguenses<\/a><\/p>\n<p>19 mayo<a href=\"http:\/\/www.elindependientedehidalgo.com.mx\/index.php?option=com_content&amp;view=article&amp;id=8638%3A20100513-p19-n2&amp;catid=51%3Acultura&amp;Itemid=93\" target=\"_blank\"><br \/>\nGrabaci\u00f3n y producci\u00f3n sonora <\/a><\/p>\n<p>18 mayo<a href=\"http:\/\/impreso.milenio.com\/node\/8768912\" target=\"_blank\"><br \/>\nExploran dentro del sonido <\/a><\/p>\n<p>14 mayo<a href=\"http:\/\/impreso.milenio.com\/node\/8766968\" target=\"_blank\"><br \/>\nReducir, reutilizar y reciclar en los libros hechos a mano <\/a><\/p>\n<p>13 mayo<a href=\"http:\/\/www.oem.com.mx\/elsoldehidalgo\/notas\/n1631843.htm\" target=\"_blank\"><br \/>\nTaller T\u00e9cnica de Grabaci\u00f3n y Producci\u00f3n Sonora<\/a><\/p>\n<p>10 mayo<a href=\"http:\/\/www.cnca.gob.mx\/sala_prensa_detalle.php?id=4506\" target=\"_blank\"><br \/>\nTaller infantil para elaborar un libro<\/a><\/p>\n<p>4 mayo<a href=\"http:\/\/elindependientedehidalgo.com.mx\/index.php?option=com_content&amp;view=article&amp;id=27639:20100415-p19-n1&amp;catid=51:cultura&amp;Itemid=93\" target=\"_blank\"><br \/>\nEl arte en M\u00e9xico no est\u00e1 separado de la vida cotidiana: Haruko Okano<\/a><\/p>\n<p>3 mayo<a href=\"http:\/\/www.cnca.gob.mx\/sala_prensa_detalle.php?id=4394&amp;sec=estados\" target=\"_blank\"><br \/>\nImpartir\u00e1n taller para ni\u00f1os<\/a><br \/>\n2 mayo<a href=\"http:\/\/www.plazajuarez.com\/index.php?option=com_content&amp;view=article&amp;id=14806:taller-infantil-collage-&amp;catid=32:cultura&amp;Itemid=47\" target=\"_blank\"> Taller infantil \u201cCollage\u201d <\/a><\/p>\n<p>2 mayo<a href=\"http:\/\/www.fronda.mx\/prensa\/2mayo.html\" target=\"_blank\"><br \/>\nFronda realizar\u00e1 taller de collage para ni\u00f1os de seis a 12 a\u00f1os<\/a><\/p>\n<p>2 mayo<a href=\"http:\/\/impreso.milenio.com\/node\/8760421\" target=\"_blank\"><br \/>\nHaruko Okano y el arte que nace de la tierra<\/a><br \/>\n26 abril<a href=\"http:\/\/impreso.milenio.com\/node\/8757045\" target=\"_blank\"><br \/>\nEl arte del cuidado al medio ambiente<\/a><br \/>\n22 abril<a href=\"http:\/\/www.elsonido13.com\/artes-visuales-detalle.asp?id=1384\" target=\"_blank\"><br \/>\nSIMBIOSIS-SYMBIOSIS<\/a><br \/>\n20 abril<a href=\"http:\/\/www.oem.com.mx\/elmexicano\/notas\/n1602705.htm\" target=\"_blank\"><br \/>\nIntercambio cultural M\u00e9xico-Canad\u00e1<\/a><\/p>\n<p>17 abril<a href=\"http:\/\/impreso.milenio.com\/node\/8752441\" target=\"_blank\"><br \/>\nM\u00e9xico y Canad\u00e1<br \/>\ncomparten ojos y pensamientos<\/a><br \/>\n17 abril<a href=\"http:\/\/www.diariovialibre.com.mx\/?p=7450\" target=\"_blank\"><br \/>\nM\u00e9xico y Canad\u00e1, intercambio de artes visuales <\/a><br \/>\n16 abril<a href=\"http:\/\/www.conaculta.gob.mx\/estados\/sala_prensa_detalle.php?id=4061&amp;sec=estados\" target=\"_blank\"><br \/>\nRealizan intercambio cultural de creadores visuales de M\u00e9xico y Canad\u00e1<\/a><\/p>\n","protected":false},"excerpt":{"rendered":"<p>2011 30 marzo Publican memorias de Simbiosis-Symbiosis 29 marzo Presentan el libro Simbiosis-Symbiosis 29 marzo Concluye residencia de artistas visuales 28 marzo Para\u00edso Ilusorio 12 febrero Libro-objeto, curso de FRONDA, SiMBiOSiS SyMBiOSiS 2011 1 febrero Arte provocador 30 enero Arte &hellip; <a href=\"https:\/\/www.fronda.mx\/simbiosis2012\/prensa\/\">Sigue leyendo <span class=\"meta-nav\">&rarr;<\/span><\/a><\/p>\n","protected":false},"author":2,"featured_media":0,"parent":0,"menu_order":7,"comment_status":"closed","ping_status":"closed","template":"","meta":{"footnotes":""},"class_list":["post-345","page","type-page","status-publish","hentry"],"jetpack_sharing_enabled":true,"_links":{"self":[{"href":"https:\/\/www.fronda.mx\/simbiosis2012\/wp-json\/wp\/v2\/pages\/345","targetHints":{"allow":["GET"]}}],"collection":[{"href":"https:\/\/www.fronda.mx\/simbiosis2012\/wp-json\/wp\/v2\/pages"}],"about":[{"href":"https:\/\/www.fronda.mx\/simbiosis2012\/wp-json\/wp\/v2\/types\/page"}],"author":[{"embeddable":true,"href":"https:\/\/www.fronda.mx\/simbiosis2012\/wp-json\/wp\/v2\/users\/2"}],"replies":[{"embeddable":true,"href":"https:\/\/www.fronda.mx\/simbiosis2012\/wp-json\/wp\/v2\/comments?post=345"}],"version-history":[{"count":2,"href":"https:\/\/www.fronda.mx\/simbiosis2012\/wp-json\/wp\/v2\/pages\/345\/revisions"}],"predecessor-version":[{"id":1361,"href":"https:\/\/www.fronda.mx\/simbiosis2012\/wp-json\/wp\/v2\/pages\/345\/revisions\/1361"}],"wp:attachment":[{"href":"https:\/\/www.fronda.mx\/simbiosis2012\/wp-json\/wp\/v2\/media?parent=345"}],"curies":[{"name":"wp","href":"https:\/\/api.w.org\/{rel}","templated":true}]}}