{"id":1304,"date":"2010-03-25T13:38:02","date_gmt":"2010-03-25T20:38:02","guid":{"rendered":"http:\/?page_id=2"},"modified":"2016-11-27T21:33:26","modified_gmt":"2016-11-28T03:33:26","slug":"about","status":"publish","type":"page","link":"https:\/\/www.fronda.mx\/simbiosis2012\/","title":{"rendered":"Qui\u00e9nes somos"},"content":{"rendered":"<p><img loading=\"lazy\" decoding=\"async\" data-attachment-id=\"467\" data-permalink=\"https:\/\/www.fronda.mx\/simbiosis2012\/fronda012_qsomos\/\" data-orig-file=\"https:\/\/www.fronda.mx\/simbiosis2012\/wp-content\/uploads\/sites\/4\/2010\/03\/fronda012_qsomos.png\" data-orig-size=\"508,390\" data-comments-opened=\"1\" data-image-meta=\"{&quot;aperture&quot;:&quot;0&quot;,&quot;credit&quot;:&quot;&quot;,&quot;camera&quot;:&quot;&quot;,&quot;caption&quot;:&quot;&quot;,&quot;created_timestamp&quot;:&quot;0&quot;,&quot;copyright&quot;:&quot;&quot;,&quot;focal_length&quot;:&quot;0&quot;,&quot;iso&quot;:&quot;0&quot;,&quot;shutter_speed&quot;:&quot;0&quot;,&quot;title&quot;:&quot;&quot;,&quot;orientation&quot;:&quot;0&quot;}\" data-image-title=\"FRONDA\" data-image-description=\"&lt;p&gt;Fomento de Arte Contempor\u00e1neo &lt;\/p&gt;\n\" data-image-caption=\"\" data-large-file=\"https:\/\/www.fronda.mx\/simbiosis2012\/wp-content\/uploads\/sites\/4\/2010\/03\/fronda012_qsomos.png\" class=\"aligncenter size-full wp-image-467\" title=\"FRONDA\" src=\"http:\/\/fronda.mx\/blog\/wp-content\/uploads\/2010\/03\/fronda012_qsomos.png\" alt=\"\" width=\"508\" height=\"390\" srcset=\"https:\/\/www.fronda.mx\/simbiosis2012\/wp-content\/uploads\/sites\/4\/2010\/03\/fronda012_qsomos.png 508w, https:\/\/www.fronda.mx\/simbiosis2012\/wp-content\/uploads\/sites\/4\/2010\/03\/fronda012_qsomos-391x300.png 391w\" sizes=\"auto, (max-width: 508px) 100vw, 508px\" \/><\/p>\n<p><strong><span style=\"color: #ff0000;\">Es una organizaci\u00f3n sin fines de lucro<\/span><\/strong>, cuyo objetivo es promover la disciplina art\u00edstica, a partir de la autogesti\u00f3n de proyectos transversales e interculturales, que detonen la creaci\u00f3n, exploraci\u00f3n, investigaci\u00f3n, formaci\u00f3n, intercambio y difusi\u00f3n del arte contempor\u00e1neo<\/p>\n<p>Buscamos la interacci\u00f3n entre el lugar, habitantes, espacio geogr\u00e1fico y memoria, a trav\u00e9s de actividades en el espacio rural y urbano.<\/p>\n<p><span style=\"color: #ff0000;\"><strong>FRONDA <\/strong><\/span>es una Entidad cultural, aut\u00f3noma e independiente, que trabaja en colaboraci\u00f3n con diversas organizaciones e instituciones en M\u00e9xico.<\/p>\n<p><span style=\"color: #ff0000;\"><strong>MISI\u00d3N:\u00a0<\/strong><\/span><\/p>\n<p>Detonar proyectos que profundicen el esp\u00edritu de la creaci\u00f3n art\u00edstica y su fomento. Generar y albergar proyectos de caracter nacional e internacional que sean sustentables, transversales y preocupados por el ambiente. Promover desde el arte actual la filosof\u00eda del bienestar com\u00fan, el trabajo en equipo.<\/p>\n<p><span style=\"color: #ff0000;\"><strong>VISI\u00d3N:<\/strong><\/span><\/p>\n<p>Ser una organizaci\u00f3n colectiva, aut\u00f3noma y autosuficiente donde se concreten proyectos de arte. Para lograr la creaci\u00f3n, el fomento, el intercambio y la difusi\u00f3n del arte contempor\u00e1neo, entendido \u00e9ste como un factor que posibilite el cambio y la calidad de vida de la comunidad y el ambiente.<\/p>\n<p><span style=\"color: #ff0000;\"><strong>OBJETIVOS:<\/strong><\/span><\/p>\n<p class=\"ecxMsoNormal\">1. Construir puentes entre arte y sociedad.<\/p>\n<p class=\"ecxMsoNormal\">2. Fomentar din\u00e1micas de colaboraci\u00f3n entre artistas (visuales, esc\u00e9nicos, m\u00fasicos, poetas, etc.) y bi\u00f3logos, ge\u00f3grafos, cient\u00edficos, arquitectos, y otros expertos del conocimiento.<\/p>\n<p class=\"ecxMsoNormal\">3. Impulsar proyectos de interacci\u00f3n comunitaria y beneficios locales.<\/p>\n<p class=\"ecxMsoNormal\">4. Expandir las capacidades del arte a otras esferas sociales.<\/p>\n<p class=\"ecxMsoNormal\">5. Detonar la experimentaci\u00f3n, investigaci\u00f3n, formaci\u00f3n, creaci\u00f3n, intercambio y difusi\u00f3n del arte, entendido este como un factor que posibilite el cambio y calidad de vida de la comunidad y el ambiente.<\/p>\n","protected":false},"excerpt":{"rendered":"<p>Es una organizaci\u00f3n sin fines de lucro, cuyo objetivo es promover la disciplina art\u00edstica, a partir de la autogesti\u00f3n de proyectos transversales e interculturales, que detonen la creaci\u00f3n, exploraci\u00f3n, investigaci\u00f3n, formaci\u00f3n, intercambio y difusi\u00f3n del arte contempor\u00e1neo Buscamos la interacci\u00f3n &hellip; <a href=\"https:\/\/www.fronda.mx\/simbiosis2012\/\">Sigue leyendo <span class=\"meta-nav\">&rarr;<\/span><\/a><\/p>\n","protected":false},"author":2,"featured_media":0,"parent":0,"menu_order":1,"comment_status":"closed","ping_status":"closed","template":"","meta":{"footnotes":""},"class_list":["post-1304","page","type-page","status-publish","hentry"],"jetpack_sharing_enabled":true,"_links":{"self":[{"href":"https:\/\/www.fronda.mx\/simbiosis2012\/wp-json\/wp\/v2\/pages\/1304","targetHints":{"allow":["GET"]}}],"collection":[{"href":"https:\/\/www.fronda.mx\/simbiosis2012\/wp-json\/wp\/v2\/pages"}],"about":[{"href":"https:\/\/www.fronda.mx\/simbiosis2012\/wp-json\/wp\/v2\/types\/page"}],"author":[{"embeddable":true,"href":"https:\/\/www.fronda.mx\/simbiosis2012\/wp-json\/wp\/v2\/users\/2"}],"replies":[{"embeddable":true,"href":"https:\/\/www.fronda.mx\/simbiosis2012\/wp-json\/wp\/v2\/comments?post=1304"}],"version-history":[{"count":1,"href":"https:\/\/www.fronda.mx\/simbiosis2012\/wp-json\/wp\/v2\/pages\/1304\/revisions"}],"predecessor-version":[{"id":1320,"href":"https:\/\/www.fronda.mx\/simbiosis2012\/wp-json\/wp\/v2\/pages\/1304\/revisions\/1320"}],"wp:attachment":[{"href":"https:\/\/www.fronda.mx\/simbiosis2012\/wp-json\/wp\/v2\/media?parent=1304"}],"curies":[{"name":"wp","href":"https:\/\/api.w.org\/{rel}","templated":true}]}}